{"id":880,"date":"2018-05-22T13:33:08","date_gmt":"2018-05-22T11:33:08","guid":{"rendered":"http:\/\/villa-dahlem.de\/cms\/?page_id=880"},"modified":"2024-12-19T23:14:48","modified_gmt":"2024-12-19T21:14:48","slug":"datenschutz","status":"publish","type":"page","link":"https:\/\/villa-dahlem.de\/cms\/datenschutz\/","title":{"rendered":"Datenschutz"},"content":{"rendered":"<div data-colibri-id=\"880-c1\" class=\"style-814 style-local-880-c1 position-relative\">\n  <!---->\n  <div data-colibri-component=\"section\" data-colibri-id=\"880-c2\" id=\"initial-content\" class=\"h-section h-section-global-spacing d-flex align-items-lg-center align-items-md-center align-items-center style-815 style-local-880-c2 position-relative\">\n    <!---->\n    <div class=\"h-separator\" style=\"height: 265px; top: calc(-1px);\">\n      <svg style=\"fill:rgb(125, 25, 30);\" xmlns=\"http:\/\/www.w3.org\/2000\/svg\" viewBox=\"0 0 423.98 306.76\" preserveAspectRatio=\"xMaxYMin meet\">\n        <path d=\"M424,0V306.76C373.23,145.82,244.5,0,0,0Z\" transform=\"translate(0)\"><\/path>\n      <\/svg>\n    <\/div>\n    <div class=\"h-separator\" style=\"height: 259px; bottom: calc(-1px);\">\n      <svg style=\"fill:rgb(125, 25, 30);transform:rotateX(180deg);\" xmlns=\"http:\/\/www.w3.org\/2000\/svg\" viewBox=\"0 0 423.98 306.76\" preserveAspectRatio=\"xMinYMin meet\">\n        <path d=\"M0,0V306.76C50.75,145.82,179.48,0,424,0Z\" transform=\"translate(0)\"><\/path>\n      <\/svg>\n    <\/div>\n    <div class=\"h-section-grid-container h-section-boxed-container\">\n      <!---->\n      <div data-colibri-id=\"880-c6\" class=\"h-row-container gutters-row-lg-2 gutters-row-md-2 gutters-row-0 gutters-row-v-lg-2 gutters-row-v-md-2 gutters-row-v-2 style-2423 style-local-880-c6 position-relative\">\n        <!---->\n        <div class=\"h-row justify-content-lg-center justify-content-md-center justify-content-center align-items-lg-stretch align-items-md-stretch align-items-stretch gutters-col-lg-2 gutters-col-md-2 gutters-col-0 gutters-col-v-lg-2 gutters-col-v-md-2 gutters-col-v-2\">\n          <!---->\n          <div class=\"h-column h-column-container d-flex h-col-lg-auto h-col-md-auto h-col-auto style-2424-outer style-local-880-c7-outer\">\n            <div data-colibri-id=\"880-c7\" class=\"d-flex h-flex-basis h-column__inner h-px-lg-2 h-px-md-2 h-px-2 v-inner-lg-2 v-inner-md-2 v-inner-2 style-2424 style-local-880-c7 position-relative\">\n              <!---->\n              <!---->\n              <div class=\"w-100 h-y-container h-column__content h-column__v-align flex-basis-100 align-self-lg-start align-self-md-start align-self-start\">\n                <!---->\n                <div data-colibri-id=\"880-c9\" class=\"h-global-transition-all h-heading style-2426 style-local-880-c9 position-relative h-element\">\n                  <!---->\n                  <div class=\"h-heading__outer style-2426 style-local-880-c9\">\n                    <!---->\n                    <!---->\n                    <h4 class=\"\">Datenschutz<\/h4>\n                  <\/div>\n                <\/div>\n                <div data-colibri-id=\"880-c8\" class=\"h-text h-text-component style-2425 style-local-880-c8 position-relative h-element\">\n                  <!---->\n                  <!---->\n                  <div class=\"\">\n                    <p>Sehr geehrte Patientin, sehr geehrter Patient,<\/p>\n                    <p>der Schutz Ihrer personenbezogenen Daten ist uns wichtig. Nach der EU-Datenschutz-Grundverordnung (DSGVO) sind wir verpflichtet, Sie dar\u00fcber zu informieren, zu welchem Zweck unsere Praxis Daten erhebt, speichert oder weiterleitet.\n                      Der Information k\u00f6nnen Sie auch entnehmen, welche Rechte Sie in puncto Datenschutz haben.<\/p>\n                    <p>1. VERANTWORTLICHKEIT F\u00dcR DIE DATENVERARBEITUNG<\/p>\n                    <p>Verantwortlich f\u00fcr die Datenverarbeitung ist: Dr. Marietta Hopf<\/p>\n                    <p>Praxisname: HNO Privatpraxis Villa Dahlem<\/p>\n                    <p>Adresse: Grunewaldstr. 40 in 12165 Berlin<\/p>\n                    <p>Kontaktdaten: Telefon 030-844 169 180 \/ Fax 030-844 169 180 \/ Email <span \n                data-original-string=\"fskgz1e2\/UxKK+Vf0fwyUg==3bdMRWrrBTJ7iqEYgefJflzwo5y7GEiTWSvaom5RUE3PIA=\"\n                class=\"apbct-email-encoder\"\n                title=\"Dieser Kontakt wurde von Anti-Spam by CleanTalk verschl\u00fcsselt. Klicken Sie hier, um ihn zu entschl\u00fcsseln. Um die Entschl\u00fcsselung abzuschlie\u00dfen, stellen Sie sicher, dass JavaScript in Ihrem Browser aktiviert ist.\">in<span class=\"apbct-blur\">**@vi**********.<\/span>de<\/span><\/p>\n                    <p>2. ZWECK DER DATENVERARBEITUNG<\/p>\n                    <p>Die Datenverarbeitung erfolgt aufgrund gesetzlicher Vorgaben, um den Behandlungsvertrag zwischen Ihnen und Ihrem Arzt und die damit verbundenen Pflichten zu erf\u00fcllen.<\/p>\n                    <p>Hierzu verarbeiten wir Ihre personenbezogenen Daten, insbesondere Ihre Gesundheitsdaten. Dazu z\u00e4hlen Anamnesen, Diagnosen, Therapievorschl\u00e4ge und Befunde, die wir oder andere \u00c4rzte erheben. Zu diesen Zwecken k\u00f6nnen uns auch andere\n                      \u00c4rzte oder Psychotherapeuten, bei denen Sie in Behandlung sind, Daten zur Verf\u00fcgung stellen (z.B. in Arztbriefen).<\/p>\n                    <p>Die Erhebung von Gesundheitsdaten ist Voraussetzung f\u00fcr Ihre Behandlung. Werden die notwendigen Informationen nicht bereitgestellt, kann eine sorgf\u00e4ltige Behandlung nicht erfolgen.<\/p>\n                    <p>3. EMPF\u00c4NGER IHRER DATEN<\/p>\n                    <p>Wir \u00fcbermitteln Ihre personenbezogenen Daten nur dann an Dritte, wenn dies gesetzlich erlaubt ist oder Sie eingewilligt haben.<\/p>\n                    <p>Empf\u00e4nger Ihrer personenbezogenen Daten k\u00f6nnen vor allem andere \u00c4rzte \/ Psychotherapeuten, Kassen\u00e4rztliche Vereinigungen, Krankenkassen, der Medizinische Dienst der Krankenversicherung, \u00c4rztekammern und privat\u00e4rztliche Verrechnungsstellen\n                      sein.<\/p>\n                    <p>Die \u00dcbermittlung erfolgt \u00fcberwiegend zum Zwecke der Abrechnung der bei Ihnen erbrachten Leistungen, zur Kl\u00e4rung von medizinischen und sich aus Ihrem Versicherungsverh\u00e4ltnis ergebenden Fragen. Im Einzelfall erfolgt die \u00dcbermittlung\n                      von Daten an weitere berechtigte Empf\u00e4nger.<\/p>\n                    <p>4. SPEICHERUNG IHRER DATEN<\/p>\n                    <p>Wir bewahren Ihre personenbezogenen Daten nur solange auf, wie dies f\u00fcr die Durchf\u00fchrung der Behandlung erforderlich ist.<\/p>\n                    <p>Aufgrund rechtlicher Vorgaben sind wir dazu verpflichtet, diese Daten mindestens 10 Jahre nach Abschluss der Behandlung aufzubewahren. Nach anderen Vorschriften k\u00f6nnen sich l\u00e4ngere Aufbewahrungsfristen ergeben, zum Beispiel 30 Jahre\n                      bei R\u00f6ntgenaufzeichnungen laut Paragraf 28 Absatz 3 der R\u00f6ntgenverordnung.<\/p>\n                    <p>5. IHRE RECHTE<\/p>\n                    <p>Sie haben das Recht, \u00fcber die Sie betreffenden personenbezogenen Daten Auskunft zu erhalten. Auch k\u00f6nnen Sie die Berichtigung unrichtiger Daten verlangen.<\/p>\n                    <p>Dar\u00fcber hinaus steht Ihnen unter bestimmten Voraussetzungen das Recht auf L\u00f6schung von Daten, das Recht auf Einschr\u00e4nkung der Datenverarbeitung sowie das Recht auf Daten\u00fcbertragbarkeit zu.<\/p>\n                    <p>Die Verarbeitung Ihrer Daten erfolgt auf Basis von gesetzlichen Regelungen. Nur in Ausnahmef\u00e4llen ben\u00f6tigen wir Ihr Einverst\u00e4ndnis.<\/p>\n                    <p>In diesen F\u00e4llen haben Sie das Recht, die Einwilligung f\u00fcr die zuk\u00fcnftige Verarbeitung zu widerrufen.<\/p>\n                    <p>Sie haben ferner das Recht, sich bei der zust\u00e4ndigen Aufsichtsbeh\u00f6rde f\u00fcr den Datenschutz zu beschweren, wenn Sie der Ansicht sind, dass die Verarbeitung Ihrer personenbezogenen Daten nicht rechtm\u00e4\u00dfig erfolgt.<\/p>\n                    <p>Die Anschrift der f\u00fcr uns zust\u00e4ndigen Aufsichtsbeh\u00f6rde lautet: Berliner Beauftragte f\u00fcr Datenschutz und Informationsfreiheit<\/p>\n                    <p>Name: Maja Smoltczyk<\/p>\n                    <p>Anschrift: Friedrichstr. 219 \/ 10969 Berlin<\/p>\n                    <p>6. RECHTLICHE GRUNDLAGEN<\/p>\n                    <p>Rechtsgrundlage f\u00fcr die Verarbeitung Ihrer Daten ist Artikel 9 Absatz 2 lit. h) DSGVO in Verbindung mit Paragraf 22 Absatz 1 Nr. 1 lit. b) Bundesdatenschutzgesetz. Sollten Sie Fragen haben, k\u00f6nnen Sie sich gern an uns wenden.<\/p>\n                    <p>Ihr Praxisteam<\/p>\n                  <\/div>\n                <\/div>\n              <\/div>\n            <\/div>\n          <\/div>\n        <\/div>\n      <\/div>\n    <\/div>\n  <\/div>\n<\/div>","protected":false},"excerpt":{"rendered":"<p>Datenschutz Sehr geehrte Patientin, sehr geehrter Patient, der Schutz Ihrer personenbezogenen Daten ist uns wichtig. Nach der EU-Datenschutz-Grundverordnung (DSGVO) sind wir verpflichtet, Sie dar\u00fcber zu informieren, zu welchem Zweck unsere Praxis Daten erhebt, speichert oder weiterleitet. Der Information k\u00f6nnen Sie auch entnehmen, welche Rechte Sie in puncto Datenschutz haben. 1. VERANTWORTLICHKEIT F\u00dcR DIE DATENVERARBEITUNG Verantwortlich [&hellip;]<\/p>\n","protected":false},"author":2,"featured_media":0,"parent":0,"menu_order":0,"comment_status":"closed","ping_status":"open","template":"page-templates\/full-width-page.php","meta":{"_glsr_average":0,"_glsr_ranking":0,"_glsr_reviews":0,"footnotes":""},"class_list":["post-880","page","type-page","status-publish","hentry"],"_links":{"self":[{"href":"https:\/\/villa-dahlem.de\/cms\/wp-json\/wp\/v2\/pages\/880","targetHints":{"allow":["GET"]}}],"collection":[{"href":"https:\/\/villa-dahlem.de\/cms\/wp-json\/wp\/v2\/pages"}],"about":[{"href":"https:\/\/villa-dahlem.de\/cms\/wp-json\/wp\/v2\/types\/page"}],"author":[{"embeddable":true,"href":"https:\/\/villa-dahlem.de\/cms\/wp-json\/wp\/v2\/users\/2"}],"replies":[{"embeddable":true,"href":"https:\/\/villa-dahlem.de\/cms\/wp-json\/wp\/v2\/comments?post=880"}],"version-history":[{"count":4,"href":"https:\/\/villa-dahlem.de\/cms\/wp-json\/wp\/v2\/pages\/880\/revisions"}],"predecessor-version":[{"id":5750,"href":"https:\/\/villa-dahlem.de\/cms\/wp-json\/wp\/v2\/pages\/880\/revisions\/5750"}],"wp:attachment":[{"href":"https:\/\/villa-dahlem.de\/cms\/wp-json\/wp\/v2\/media?parent=880"}],"curies":[{"name":"wp","href":"https:\/\/api.w.org\/{rel}","templated":true}]}}

<div data-colibri-id="880-c1" class="style-814 style-local-880-c1 position-relative">
  <!---->
  <div data-colibri-component="section" data-colibri-id="880-c2" id="initial-content" class="h-section h-section-global-spacing d-flex align-items-lg-center align-items-md-center align-items-center style-815 style-local-880-c2 position-relative">
    <!---->
    <div class="h-separator" style="height: 265px; top: calc(-1px);">
      <svg style="fill:rgb(125, 25, 30);" xmlns="http://www.w3.org/2000/svg" viewBox="0 0 423.98 306.76" preserveAspectRatio="xMaxYMin meet">
        <path d="M424,0V306.76C373.23,145.82,244.5,0,0,0Z" transform="translate(0)"></path>
      </svg>
    </div>
    <div class="h-separator" style="height: 259px; bottom: calc(-1px);">
      <svg style="fill:rgb(125, 25, 30);transform:rotateX(180deg);" xmlns="http://www.w3.org/2000/svg" viewBox="0 0 423.98 306.76" preserveAspectRatio="xMinYMin meet">
        <path d="M0,0V306.76C50.75,145.82,179.48,0,424,0Z" transform="translate(0)"></path>
      </svg>
    </div>
    <div class="h-section-grid-container h-section-boxed-container">
      <!---->
      <div data-colibri-id="880-c6" class="h-row-container gutters-row-lg-2 gutters-row-md-2 gutters-row-0 gutters-row-v-lg-2 gutters-row-v-md-2 gutters-row-v-2 style-2423 style-local-880-c6 position-relative">
        <!---->
        <div class="h-row justify-content-lg-center justify-content-md-center justify-content-center align-items-lg-stretch align-items-md-stretch align-items-stretch gutters-col-lg-2 gutters-col-md-2 gutters-col-0 gutters-col-v-lg-2 gutters-col-v-md-2 gutters-col-v-2">
          <!---->
          <div class="h-column h-column-container d-flex h-col-lg-auto h-col-md-auto h-col-auto style-2424-outer style-local-880-c7-outer">
            <div data-colibri-id="880-c7" class="d-flex h-flex-basis h-column__inner h-px-lg-2 h-px-md-2 h-px-2 v-inner-lg-2 v-inner-md-2 v-inner-2 style-2424 style-local-880-c7 position-relative">
              <!---->
              <!---->
              <div class="w-100 h-y-container h-column__content h-column__v-align flex-basis-100 align-self-lg-start align-self-md-start align-self-start">
                <!---->
                <div data-colibri-id="880-c9" class="h-global-transition-all h-heading style-2426 style-local-880-c9 position-relative h-element">
                  <!---->
                  <div class="h-heading__outer style-2426 style-local-880-c9">
                    <!---->
                    <!---->
                    <h4 class="">Datenschutz</h4>
                  </div>
                </div>
                <div data-colibri-id="880-c8" class="h-text h-text-component style-2425 style-local-880-c8 position-relative h-element">
                  <!---->
                  <!---->
                  <div class="">
                    <p>Sehr geehrte Patientin, sehr geehrter Patient,</p>
                    <p>der Schutz Ihrer personenbezogenen Daten ist uns wichtig. Nach der EU-Datenschutz-Grundverordnung (DSGVO) sind wir verpflichtet, Sie darüber zu informieren, zu welchem Zweck unsere Praxis Daten erhebt, speichert oder weiterleitet.
                      Der Information können Sie auch entnehmen, welche Rechte Sie in puncto Datenschutz haben.</p>
                    <p>1. VERANTWORTLICHKEIT FÜR DIE DATENVERARBEITUNG</p>
                    <p>Verantwortlich für die Datenverarbeitung ist: Dr. Marietta Hopf</p>
                    <p>Praxisname: HNO Privatpraxis Villa Dahlem</p>
                    <p>Adresse: Grunewaldstr. 40 in 12165 Berlin</p>
                    <p>Kontaktdaten: Telefon 030-844 169 180 / Fax 030-844 169 180 / Email <span 
                data-original-string="fskgz1e2/UxKK+Vf0fwyUg==3bdMRWrrBTJ7iqEYgefJflzwo5y7GEiTWSvaom5RUE3PIA="
                class="apbct-email-encoder"
                title="Dieser Kontakt wurde von Anti-Spam by CleanTalk verschlüsselt. Klicken Sie hier, um ihn zu entschlüsseln. Um die Entschlüsselung abzuschließen, stellen Sie sicher, dass JavaScript in Ihrem Browser aktiviert ist.">in<span class="apbct-blur">**@vi**********.</span>de</span></p>
                    <p>2. ZWECK DER DATENVERARBEITUNG</p>
                    <p>Die Datenverarbeitung erfolgt aufgrund gesetzlicher Vorgaben, um den Behandlungsvertrag zwischen Ihnen und Ihrem Arzt und die damit verbundenen Pflichten zu erfüllen.</p>
                    <p>Hierzu verarbeiten wir Ihre personenbezogenen Daten, insbesondere Ihre Gesundheitsdaten. Dazu zählen Anamnesen, Diagnosen, Therapievorschläge und Befunde, die wir oder andere Ärzte erheben. Zu diesen Zwecken können uns auch andere
                      Ärzte oder Psychotherapeuten, bei denen Sie in Behandlung sind, Daten zur Verfügung stellen (z.B. in Arztbriefen).</p>
                    <p>Die Erhebung von Gesundheitsdaten ist Voraussetzung für Ihre Behandlung. Werden die notwendigen Informationen nicht bereitgestellt, kann eine sorgfältige Behandlung nicht erfolgen.</p>
                    <p>3. EMPFÄNGER IHRER DATEN</p>
                    <p>Wir übermitteln Ihre personenbezogenen Daten nur dann an Dritte, wenn dies gesetzlich erlaubt ist oder Sie eingewilligt haben.</p>
                    <p>Empfänger Ihrer personenbezogenen Daten können vor allem andere Ärzte / Psychotherapeuten, Kassenärztliche Vereinigungen, Krankenkassen, der Medizinische Dienst der Krankenversicherung, Ärztekammern und privatärztliche Verrechnungsstellen
                      sein.</p>
                    <p>Die Übermittlung erfolgt überwiegend zum Zwecke der Abrechnung der bei Ihnen erbrachten Leistungen, zur Klärung von medizinischen und sich aus Ihrem Versicherungsverhältnis ergebenden Fragen. Im Einzelfall erfolgt die Übermittlung
                      von Daten an weitere berechtigte Empfänger.</p>
                    <p>4. SPEICHERUNG IHRER DATEN</p>
                    <p>Wir bewahren Ihre personenbezogenen Daten nur solange auf, wie dies für die Durchführung der Behandlung erforderlich ist.</p>
                    <p>Aufgrund rechtlicher Vorgaben sind wir dazu verpflichtet, diese Daten mindestens 10 Jahre nach Abschluss der Behandlung aufzubewahren. Nach anderen Vorschriften können sich längere Aufbewahrungsfristen ergeben, zum Beispiel 30 Jahre
                      bei Röntgenaufzeichnungen laut Paragraf 28 Absatz 3 der Röntgenverordnung.</p>
                    <p>5. IHRE RECHTE</p>
                    <p>Sie haben das Recht, über die Sie betreffenden personenbezogenen Daten Auskunft zu erhalten. Auch können Sie die Berichtigung unrichtiger Daten verlangen.</p>
                    <p>Darüber hinaus steht Ihnen unter bestimmten Voraussetzungen das Recht auf Löschung von Daten, das Recht auf Einschränkung der Datenverarbeitung sowie das Recht auf Datenübertragbarkeit zu.</p>
                    <p>Die Verarbeitung Ihrer Daten erfolgt auf Basis von gesetzlichen Regelungen. Nur in Ausnahmefällen benötigen wir Ihr Einverständnis.</p>
                    <p>In diesen Fällen haben Sie das Recht, die Einwilligung für die zukünftige Verarbeitung zu widerrufen.</p>
                    <p>Sie haben ferner das Recht, sich bei der zuständigen Aufsichtsbehörde für den Datenschutz zu beschweren, wenn Sie der Ansicht sind, dass die Verarbeitung Ihrer personenbezogenen Daten nicht rechtmäßig erfolgt.</p>
                    <p>Die Anschrift der für uns zuständigen Aufsichtsbehörde lautet: Berliner Beauftragte für Datenschutz und Informationsfreiheit</p>
                    <p>Name: Maja Smoltczyk</p>
                    <p>Anschrift: Friedrichstr. 219 / 10969 Berlin</p>
                    <p>6. RECHTLICHE GRUNDLAGEN</p>
                    <p>Rechtsgrundlage für die Verarbeitung Ihrer Daten ist Artikel 9 Absatz 2 lit. h) DSGVO in Verbindung mit Paragraf 22 Absatz 1 Nr. 1 lit. b) Bundesdatenschutzgesetz. Sollten Sie Fragen haben, können Sie sich gern an uns wenden.</p>
                    <p>Ihr Praxisteam</p>
                  </div>
                </div>
              </div>
            </div>
          </div>
        </div>
      </div>
    </div>
  </div>
</div>

<p>Datenschutz Sehr geehrte Patientin, sehr geehrter Patient, der Schutz Ihrer personenbezogenen Daten ist uns wichtig. Nach der EU-Datenschutz-Grundverordnung (DSGVO) sind wir verpflichtet, Sie darüber zu informieren, zu welchem Zweck unsere Praxis Daten erhebt, speichert oder weiterleitet. Der Information können Sie auch entnehmen, welche Rechte Sie in puncto Datenschutz haben. 1. VERANTWORTLICHKEIT FÜR DIE DATENVERARBEITUNG Verantwortlich [&hellip;]</p>
